{"id":31007,"date":"2026-03-20T09:57:03","date_gmt":"2026-03-20T12:57:03","guid":{"rendered":"https:\/\/refrata.com.br\/produto\/embudo-con-3-lados-planos\/"},"modified":"2026-03-20T09:57:03","modified_gmt":"2026-03-20T12:57:03","slug":"embudo-con-3-lados-planos","status":"publish","type":"product","link":"https:\/\/refrata.com.br\/es\/producto\/embudo-con-3-lados-planos\/","title":{"rendered":"Embudo con 3 lados planos"},"content":{"rendered":"<h2 style=\"text-align: center;\">Informaci\u00f3n t\u00e9cnica<\/h2>\n<p><img loading=\"lazy\" decoding=\"async\" class=\"size-large wp-image-29505 aligncenter\" src=\"https:\/\/refrata.com.br\/wp-content\/uploads\/2026\/03\/funil_3_faces_plana-984x800.jpg\" alt=\"\" width=\"984\" height=\"800\" srcset=\"https:\/\/refrata.com.br\/wp-content\/uploads\/2026\/03\/funil_3_faces_plana-984x800.jpg 984w, https:\/\/refrata.com.br\/wp-content\/uploads\/2026\/03\/funil_3_faces_plana-430x349.jpg 430w, https:\/\/refrata.com.br\/wp-content\/uploads\/2026\/03\/funil_3_faces_plana-150x122.jpg 150w, https:\/\/refrata.com.br\/wp-content\/uploads\/2026\/03\/funil_3_faces_plana-700x569.jpg 700w, https:\/\/refrata.com.br\/wp-content\/uploads\/2026\/03\/funil_3_faces_plana-369x300.jpg 369w, https:\/\/refrata.com.br\/wp-content\/uploads\/2026\/03\/funil_3_faces_plana-768x624.jpg 768w, https:\/\/refrata.com.br\/wp-content\/uploads\/2026\/03\/funil_3_faces_plana-1536x1248.jpg 1536w, https:\/\/refrata.com.br\/wp-content\/uploads\/2026\/03\/funil_3_faces_plana.jpg 1548w\" sizes=\"auto, (max-width: 984px) 100vw, 984px\" \/><\/p>\n","protected":false},"excerpt":{"rendered":"<p><strong>Embudo plano de 3 lados,<\/strong> una pieza refractaria dise\u00f1ada para recibir, concentrar y dirigir materiales fundidos, fluidos industriales o flujos de procesos a alta temperatura hacia canales, moldes o conjuntos refractarios. Sus caras planas evitan la formaci\u00f3n de v\u00f3rtices, previniendo as\u00ed la inclusi\u00f3n de gases en el sistema y favoreciendo la conducci\u00f3n protegida del material durante el vertido. <\/p>\n","protected":false},"featured_media":30759,"comment_status":"open","ping_status":"closed","template":"","meta":[],"product_brand":[],"product_cat":[143],"product_tag":[],"class_list":["post-31007","product","type-product","status-publish","has-post-thumbnail","product_cat-embudo","first","instock","shipping-taxable","product-type-simple"],"_links":{"self":[{"href":"https:\/\/refrata.com.br\/es\/wp-json\/wp\/v2\/product\/31007","targetHints":{"allow":["GET"]}}],"collection":[{"href":"https:\/\/refrata.com.br\/es\/wp-json\/wp\/v2\/product"}],"about":[{"href":"https:\/\/refrata.com.br\/es\/wp-json\/wp\/v2\/types\/product"}],"replies":[{"embeddable":true,"href":"https:\/\/refrata.com.br\/es\/wp-json\/wp\/v2\/comments?post=31007"}],"version-history":[{"count":0,"href":"https:\/\/refrata.com.br\/es\/wp-json\/wp\/v2\/product\/31007\/revisions"}],"wp:featuredmedia":[{"embeddable":true,"href":"https:\/\/refrata.com.br\/es\/wp-json\/wp\/v2\/media\/30759"}],"wp:attachment":[{"href":"https:\/\/refrata.com.br\/es\/wp-json\/wp\/v2\/media?parent=31007"}],"wp:term":[{"taxonomy":"product_brand","embeddable":true,"href":"https:\/\/refrata.com.br\/es\/wp-json\/wp\/v2\/product_brand?post=31007"},{"taxonomy":"product_cat","embeddable":true,"href":"https:\/\/refrata.com.br\/es\/wp-json\/wp\/v2\/product_cat?post=31007"},{"taxonomy":"product_tag","embeddable":true,"href":"https:\/\/refrata.com.br\/es\/wp-json\/wp\/v2\/product_tag?post=31007"}],"curies":[{"name":"wp","href":"https:\/\/api.w.org\/{rel}","templated":true}]}}

<h2 style="text-align: center;">Información técnica</h2>
<p><img loading="lazy" decoding="async" class="size-large wp-image-29505 aligncenter" src="https://refrata.com.br/wp-content/uploads/2026/03/funil_3_faces_plana-984x800.jpg" alt="" width="984" height="800" srcset="https://refrata.com.br/wp-content/uploads/2026/03/funil_3_faces_plana-984x800.jpg 984w, https://refrata.com.br/wp-content/uploads/2026/03/funil_3_faces_plana-430x349.jpg 430w, https://refrata.com.br/wp-content/uploads/2026/03/funil_3_faces_plana-150x122.jpg 150w, https://refrata.com.br/wp-content/uploads/2026/03/funil_3_faces_plana-700x569.jpg 700w, https://refrata.com.br/wp-content/uploads/2026/03/funil_3_faces_plana-369x300.jpg 369w, https://refrata.com.br/wp-content/uploads/2026/03/funil_3_faces_plana-768x624.jpg 768w, https://refrata.com.br/wp-content/uploads/2026/03/funil_3_faces_plana-1536x1248.jpg 1536w, https://refrata.com.br/wp-content/uploads/2026/03/funil_3_faces_plana.jpg 1548w" sizes="auto, (max-width: 984px) 100vw, 984px" /></p>

<p><strong>Embudo plano de 3 lados,</strong> una pieza refractaria diseñada para recibir, concentrar y dirigir materiales fundidos, fluidos industriales o flujos de procesos a alta temperatura hacia canales, moldes o conjuntos refractarios. Sus caras planas evitan la formación de vórtices, previniendo así la inclusión de gases en el sistema y favoreciendo la conducción protegida del material durante el vertido. </p>
